{"id":86,"date":"2018-04-03T13:46:07","date_gmt":"2018-04-03T11:46:07","guid":{"rendered":"http:\/\/cieh-chre.org\/forcedlabourinserbia\/?page_id=86"},"modified":"2018-05-01T17:47:47","modified_gmt":"2018-05-01T15:47:47","slug":"sajmiste","status":"publish","type":"page","link":"https:\/\/cieh-chre.org\/forcedlabourinserbia\/sajmiste\/","title":{"rendered":"Sajmi\u0161te"},"content":{"rendered":"<div id=\"pl-86\"  class=\"panel-layout\" ><div id=\"pg-86-0\"  class=\"panel-grid panel-no-style\" ><div id=\"pgc-86-0-0\"  class=\"panel-grid-cell\" ><div id=\"panel-86-0-0-0\" class=\"so-panel widget widget_master-slider-main-widget master-slider-main-widget panel-first-child\" data-index=\"0\" >\n\t\t<!-- MasterSlider -->\n\t\t<div id=\"P_MS69f3b7df2bf3e\" class=\"master-slider-parent ms-parent-id-8\" style=\"\" >\n\n\t\t\t\n\t\t\t<!-- MasterSlider Main -->\n\t\t\t<div id=\"MS69f3b7df2bf3e\" class=\"master-slider ms-skin-light-6 round-skin\" >\n\t\t\t\t \t\t\t\t \n\t\t\t<div  class=\"ms-slide\" data-delay=\"3\" data-fill-mode=\"fill\"   >\n\t\t\t\t\t<img src=\"https:\/\/cieh-chre.org\/forcedlabourinserbia\/wp-content\/plugins\/masterslider\/public\/assets\/css\/blank.gif\" alt=\"{{title}}\" title=\"{{title}}\" data-src=\"{{image}}\" \/>\n\n\n\t\t\t\t<\/div>\n\n\t\t\t<\/div>\n\t\t\t<!-- END MasterSlider Main -->\n\n\t\t\t \n\t\t<\/div>\n\t\t<!-- END MasterSlider -->\n\n\t\t<script>\n\t\t( window.MSReady = window.MSReady || [] ).push( function( $ ) {\n\n\t\t\t\"use strict\";\n\t\t\tvar masterslider_bf3e = new MasterSlider();\n\n\t\t\t\/\/ slider controls\n\t\t\tmasterslider_bf3e.control('arrows'     ,{ autohide:true, overVideo:true  });\n\t\t\t\/\/ slider setup\n\t\t\tmasterslider_bf3e.setup(\"MS69f3b7df2bf3e\", {\n\t\t\t\twidth           : 1000,\n\t\t\t\theight          : 500,\n\t\t\t\tminHeight       : 0,\n\t\t\t\tspace           : 1,\n\t\t\t\tstart           : 11,\n\t\t\t\tgrabCursor      : true,\n\t\t\t\tswipe           : true,\n\t\t\t\tmouse           : true,\n\t\t\t\tkeyboard        : false,\n\t\t\t\tlayout          : \"fillwidth\",\n\t\t\t\twheel           : false,\n\t\t\t\tautoplay        : false,\n                instantStartLayers:false,\n\t\t\t\tmobileBGVideo:false,\n\t\t\t\tloop            : true,\n\t\t\t\tshuffle         : true,\n\t\t\t\tpreload         : 457,\n\t\t\t\theightLimit     : true,\n\t\t\t\tautoHeight      : false,\n\t\t\t\tsmoothHeight    : true,\n\t\t\t\tendPause        : false,\n\t\t\t\toverPause       : true,\n\t\t\t\tfillMode        : \"fill\",\n\t\t\t\tcenterControls  : true,\n\t\t\t\tstartOnAppear   : false,\n\t\t\t\tlayersMode      : \"center\",\n\t\t\t\tautofillTarget  : \"\",\n\t\t\t\thideLayers      : false,\n\t\t\t\tfullscreenMargin: 0,\n\t\t\t\tspeed           : 17,\n\t\t\t\tdir             : \"h\",\n\t\t\t\tresponsive      : true,\n\t\t\t\ttabletWidth     : 768,\n\t\t\t\ttabletHeight    : null,\n\t\t\t\tphoneWidth      : 480,\n\t\t\t\tphoneHeight    : null,\n\t\t\t\tsizingReference : window,\n\t\t\t\tparallaxMode    : 'swipe',\n\t\t\t\tdeepLink        : 'ms-1',\n\t\t\t\tdeepLinkType    : 'path',\n\t\t\t\tview            : \"fadeBasic\"\n\t\t\t});\n\n\t\t\tnew MSFlickrV2( masterslider_bf3e, { key:'de2fab0e6d9076a905dd9158abb41612', id:'72157690528821620', count:132182434, thumbSize:'s',imgSize:'c', type:'photoset' });\n\t\t\twindow.masterslider_instances = window.masterslider_instances || [];\n\t\t\twindow.masterslider_instances.push( masterslider_bf3e );\n\t\t});\n\t\t<\/script>\n\n<\/div><div id=\"panel-86-0-0-1\" class=\"so-panel widget widget_sow-editor panel-last-child\" data-index=\"1\" ><div class=\"so-widget-sow-editor so-widget-sow-editor-base\"><h3 class=\"widget-title\">Sajmi\u0161te<\/h3>\n<div class=\"siteorigin-widget-tinymce textwidget\">\n\t<hr \/>\n<p>Studijska poseta logoru na Sajmi\u0161tu sa predavanem Milovana Pisarrija, je bila organizovana kao otvoren, javni doga\u0111aj. \u0160etnja je imala tri stanice, po jednu za svaki od logora koji su bili aktivni na lokaciji. Kontekst prinudnog rada, iako uvek prisutan, je imao jasne razlike za svaki od tri logora: \"Judenlager Semlin\", aktivan od Oktobra 1941 do kraja Maja 1942, \"Anhaltelager Semlin\", na istoj lokaciji, aktivan izme\u0111u Juna 1942 i Juna 1944, i logor OT (Organizacije Tot), na susednoj parceli, koji je radio od leta 1941, a do 1943 je slu\u017eio i kao logor za ratne zarobljenike. Fokus predavanja je bio na temama prinudnog rada i Holokausta, zatvorenicima dovedenim iz Nezavisne dr\u017eave Hrvatske, kao onima iz okupirane Srbije kojom je upravljala Nedi\u0107eva vlada. Bilo je re\u010di o tranzitnoj funkciji logora, radu i stradanju Srpskih i Jugoslovenskih prinudnih radnika na razli\u010ditim lokacijama u Rajhu, kao i \u0161irom okupirane Evrope. Tre\u0107i logor, Organizacije Tot, bio je i mesto trija\u017ee i tranzita pla\u0107enih radnika, kao i civila i zarobljenih partizana, stranih vojnika, posebno Italijana posle kapitulacije Du\u010deovog re\u017eima.<\/p>\n<\/div>\n<\/div><\/div><\/div><\/div><\/div>","protected":false},"excerpt":{"rendered":"<p>Studijska poseta logoru na Sajmi\u0161tu sa predavanem Milovana Pisarrija, je bila organizovana kao otvoren, javni doga\u0111aj. \u0160etnja je imala tri stanice, po jednu za svaki od logora koji su bili [&hellip;]<\/p>\n","protected":false},"author":2,"featured_media":0,"parent":0,"menu_order":0,"comment_status":"closed","ping_status":"closed","template":"","meta":[],"acf":[],"wps_subtitle":"","_links":{"self":[{"href":"https:\/\/cieh-chre.org\/forcedlabourinserbia\/wp-json\/wp\/v2\/pages\/86"}],"collection":[{"href":"https:\/\/cieh-chre.org\/forcedlabourinserbia\/wp-json\/wp\/v2\/pages"}],"about":[{"href":"https:\/\/cieh-chre.org\/forcedlabourinserbia\/wp-json\/wp\/v2\/types\/page"}],"author":[{"embeddable":true,"href":"https:\/\/cieh-chre.org\/forcedlabourinserbia\/wp-json\/wp\/v2\/users\/2"}],"replies":[{"embeddable":true,"href":"https:\/\/cieh-chre.org\/forcedlabourinserbia\/wp-json\/wp\/v2\/comments?post=86"}],"version-history":[{"count":4,"href":"https:\/\/cieh-chre.org\/forcedlabourinserbia\/wp-json\/wp\/v2\/pages\/86\/revisions"}],"predecessor-version":[{"id":501,"href":"https:\/\/cieh-chre.org\/forcedlabourinserbia\/wp-json\/wp\/v2\/pages\/86\/revisions\/501"}],"wp:attachment":[{"href":"https:\/\/cieh-chre.org\/forcedlabourinserbia\/wp-json\/wp\/v2\/media?parent=86"}],"curies":[{"name":"wp","href":"https:\/\/api.w.org\/{rel}","templated":true}]}}

Sajmište

<div id="pl-86"  class="panel-layout" ><div id="pg-86-0"  class="panel-grid panel-no-style" ><div id="pgc-86-0-0"  class="panel-grid-cell" ><div id="panel-86-0-0-0" class="so-panel widget widget_master-slider-main-widget master-slider-main-widget panel-first-child" data-index="0" >
		<!-- MasterSlider -->
		<div id="P_MS69f3b7df2bf3e" class="master-slider-parent ms-parent-id-8" style="" >

			
			<!-- MasterSlider Main -->
			<div id="MS69f3b7df2bf3e" class="master-slider ms-skin-light-6 round-skin" >
				 				 
			<div  class="ms-slide" data-delay="3" data-fill-mode="fill"   >
					<img src="https://cieh-chre.org/forcedlabourinserbia/wp-content/plugins/masterslider/public/assets/css/blank.gif" alt="{{title}}" title="{{title}}" data-src="{{image}}" />


				</div>

			</div>
			<!-- END MasterSlider Main -->

			 
		</div>
		<!-- END MasterSlider -->

		<script>
		( window.MSReady = window.MSReady || [] ).push( function( $ ) {

			"use strict";
			var masterslider_bf3e = new MasterSlider();

			// slider controls
			masterslider_bf3e.control('arrows'     ,{ autohide:true, overVideo:true  });
			// slider setup
			masterslider_bf3e.setup("MS69f3b7df2bf3e", {
				width           : 1000,
				height          : 500,
				minHeight       : 0,
				space           : 1,
				start           : 11,
				grabCursor      : true,
				swipe           : true,
				mouse           : true,
				keyboard        : false,
				layout          : "fillwidth",
				wheel           : false,
				autoplay        : false,
                instantStartLayers:false,
				mobileBGVideo:false,
				loop            : true,
				shuffle         : true,
				preload         : 457,
				heightLimit     : true,
				autoHeight      : false,
				smoothHeight    : true,
				endPause        : false,
				overPause       : true,
				fillMode        : "fill",
				centerControls  : true,
				startOnAppear   : false,
				layersMode      : "center",
				autofillTarget  : "",
				hideLayers      : false,
				fullscreenMargin: 0,
				speed           : 17,
				dir             : "h",
				responsive      : true,
				tabletWidth     : 768,
				tabletHeight    : null,
				phoneWidth      : 480,
				phoneHeight    : null,
				sizingReference : window,
				parallaxMode    : 'swipe',
				deepLink        : 'ms-1',
				deepLinkType    : 'path',
				view            : "fadeBasic"
			});

			new MSFlickrV2( masterslider_bf3e, { key:'de2fab0e6d9076a905dd9158abb41612', id:'72157690528821620', count:132182434, thumbSize:'s',imgSize:'c', type:'photoset' });
			window.masterslider_instances = window.masterslider_instances || [];
			window.masterslider_instances.push( masterslider_bf3e );
		});
		</script>

</div><div id="panel-86-0-0-1" class="so-panel widget widget_sow-editor panel-last-child" data-index="1" ><div class="so-widget-sow-editor so-widget-sow-editor-base"><h3 class="widget-title">Sajmište</h3>
<div class="siteorigin-widget-tinymce textwidget">
	<hr />
<p>Studijska poseta logoru na Sajmištu sa predavanem Milovana Pisarrija, je bila organizovana kao otvoren, javni događaj. Šetnja je imala tri stanice, po jednu za svaki od logora koji su bili aktivni na lokaciji. Kontekst prinudnog rada, iako uvek prisutan, je imao jasne razlike za svaki od tri logora: "Judenlager Semlin", aktivan od Oktobra 1941 do kraja Maja 1942, "Anhaltelager Semlin", na istoj lokaciji, aktivan između Juna 1942 i Juna 1944, i logor OT (Organizacije Tot), na susednoj parceli, koji je radio od leta 1941, a do 1943 je služio i kao logor za ratne zarobljenike. Fokus predavanja je bio na temama prinudnog rada i Holokausta, zatvorenicima dovedenim iz Nezavisne države Hrvatske, kao onima iz okupirane Srbije kojom je upravljala Nedićeva vlada. Bilo je reči o tranzitnoj funkciji logora, radu i stradanju Srpskih i Jugoslovenskih prinudnih radnika na različitim lokacijama u Rajhu, kao i širom okupirane Evrope. Treći logor, Organizacije Tot, bio je i mesto trijaže i tranzita plaćenih radnika, kao i civila i zarobljenih partizana, stranih vojnika, posebno Italijana posle kapitulacije Dučeovog režima.</p>
</div>
</div></div></div></div></div>

<p>Studijska poseta logoru na Sajmištu sa predavanem Milovana Pisarrija, je bila organizovana kao otvoren, javni događaj. Šetnja je imala tri stanice, po jednu za svaki od logora koji su bili [&hellip;]</p>
