{"id":202,"date":"2018-11-23T23:25:18","date_gmt":"2018-11-23T22:25:18","guid":{"rendered":"http:\/\/cieh-chre.org\/porajmosusrbiji\/?page_id=202"},"modified":"2021-07-19T02:40:49","modified_gmt":"2021-07-19T00:40:49","slug":"publikacija-2","status":"publish","type":"page","link":"https:\/\/cieh-chre.org\/porajmosusrbiji\/publikacija-2\/","title":{"rendered":""},"content":{"rendered":"<div id=\"pl-202\"  class=\"panel-layout\" ><div id=\"pg-202-0\"  class=\"panel-grid panel-no-style\" ><div id=\"pgc-202-0-0\"  class=\"panel-grid-cell\" ><div id=\"panel-202-0-0-0\" class=\"so-panel widget widget_sow-editor panel-first-child\" data-index=\"0\" ><div class=\"so-widget-sow-editor so-widget-sow-editor-base\"><h3 class=\"widget-title\">\u201cD\u017eanes ko sem? - Da li zna\u0161 ko sam?\u201d<\/h3>\n<div class=\"siteorigin-widget-tinymce textwidget\">\n\t<hr \/>\n<p><span style=\"color: #003366;\">Je edukaciona\u00a0publikacija za upotrebu u nastavi\u00a0koja\u00a0nudi\u00a0osnovne informacije\u00a0o\u00a0kulturi, jeziku i istoriji Roma, a sa fokusom na istoriju stradanja Roma u Drugom svetskom ratu, genocidu (Porajmos, Samudaripen) i pravima Roma u savremenoj Srbiji. U ovoj publikaciji \u0107ete na\u0107i i grupne radionice koje obra\u0111uju polje diskriminacije i ljudskih prava. Jezik: Rromano chib, 72 strane, PDF za bespatni download sa QR kodovima za o\u010ditavanje QR reader aplikacijama na mobilnim ure\u0111ajima i tabletima. Aktivni linkovi na dodatne sadr\u017eaje i druge organizacije. Creative Commons licenca, fajl 30MB\u201a Vreme u\u010ditavanja, oko 20 sekundi.\u00a0<\/span><\/p>\n<hr \/>\n<p>\u00a0<\/p>\n<\/div>\n<\/div><\/div><div id=\"panel-202-0-0-1\" class=\"so-panel widget widget_sow-editor panel-last-child\" data-index=\"1\" ><div class=\"so-widget-sow-editor so-widget-sow-editor-base\">\n<div class=\"siteorigin-widget-tinymce textwidget\">\n\t<a href=\"https:\/\/cieh-chre.org\/porajmosusrbiji\/wp-content\/uploads\/sites\/6\/2018\/11\/Dzanes-ko-sem-ROM-WEB-3-min.pdf\" class=\"pdfemb-viewer\" style=\"\" data-width=\"max\" data-height=\"max\" data-mobile-width=\"500\"  data-scrollbar=\"vertical\" data-download=\"on\" data-tracking=\"on\" data-newwindow=\"on\" data-pagetextbox=\"off\" data-scrolltotop=\"off\" data-startzoom=\"100\" data-startfpzoom=\"100\" data-toolbar=\"bottom\" data-toolbar-fixed=\"on\">Dzanes ko sem-ROM-WEB-3-min<br\/><\/a>\n<\/div>\n<\/div><\/div><\/div><\/div><div id=\"pg-202-1\"  class=\"panel-grid panel-no-style\" ><div id=\"pgc-202-1-0\"  class=\"panel-grid-cell\" ><div id=\"panel-202-1-0-0\" class=\"so-panel widget widget_sow-editor panel-first-child\" data-index=\"2\" ><div class=\"so-widget-sow-editor so-widget-sow-editor-base\"><h3 class=\"widget-title\">Angluno alav:<\/h3>\n<div class=\"siteorigin-widget-tinymce textwidget\">\n\t<hr \/>\n<p><em><span style=\"color: #993300;\">Sr\u0111an Hercigonja, forumZFD<\/span><\/em><\/p>\n<p><span style=\"color: #003366;\">Ando ma\u0161karutno berlinosko parko Tirgarten putardo si 2012. b\u0435r\u0161esko Memorijali Rromengo thaj Sintonengo, mudarde nacionalsocijalizmosko, jal memorijali mudarde Porajmosko, lino, sar vi bi lino alav palo genocido pe Rroma thaj Sinte majsig thaj vi ando Dujto themesko mudaripe. Nesave katar e kotora javina\u0107e komemoracijengo sistematikane eliminacijako Rromen\u0111i \u0107erdine si ando Zapado Evropako vi majsig, d\u017eikaj o mudaripe Rromengo ande aver phuvja a\u010dhilo marginalizujime ando domeno javina\u0107e go\u0111arimasko, sar vi ande a\u0111esutni istoriografija.<\/span><\/p>\n<p><span style=\"color: #003366;\">Partnerimava ma\u0161kar o Ma\u0161karipe palo rodipe thaj edukacija katar o Holokausto andar o Beograd, forumo ZFD ande Srbija thaj Romanipesko, kasko rezultato si vi kaja publikacija, d\u017ealpe karing o buhljaripe thaj inzaripe neve metodologija\u0107e pa\u0161unimaske temako genocidosko pe Rroma ando sikavimasko thaj si\u0107omasko programo ande Srbija, thaj te gajda delpe majbaro lesamalipe istorija\u0107e, sar vi o a\u0111esutnipe je\u0107he katar majmarginalizujime kupako ande amaro societo. Publikacijava \u201eD\u017eanes ko sem? Da li zna\u0161 ko sam? Edukacijako materijalo katar o genocido pe Rroma ando Dujto lumnjako mudaripe thaj adjesutno anticiganizmo ande Srbija\u201c autojra thaj in\u0111arutne kale projektosko len sama po zuralipe sikavnengo humanistikane segmentonengo ande fundoske thaj ma\u0161karutne \u0161kole ando bu\u0107aripe e \u010dhavorrenca pe genocidoski tema thaj pe Rroma ando Dujto themesko mudaripe thaj diskriminacija e Rromen\u0111i ando a\u0111esutno societo. Sar indirektne resojra projektosko identifikujinpe o pajsaripe kritika\u0107e gindosko katar o pu\u010dipe anticiganizmosko a\u0111es, sar vi emancipacija Rromen\u0111i ando sikavimasko sistemo ande Srbija.<\/span><\/p>\n<p><span style=\"color: #003366;\">Publikacija si \u0107erdini katar 6 kotora save jekhimava \u0107eren materijali pale edukacija sikavnen\u0111i humanistikane segmentonengo ando phanglipe e ha\u0107arne temava sar si butimaske mudarimata thaj genocido. In\u0107aripe boldelpe vi pe istorija thaj kultura e Rromen\u0111i, thaj gajda po agor, andar egzamujra bu\u0107arnen\u0111e, majdur buljaren thaj la\u010dharen teme katar e stereotipujra thaj predrasude, thaj lengo phanglipe e butimaske mudarimava thaj genocidova. Publikacija si \u0107erdini pe rromani, serbikani thaj anglikani \u010dhib.<\/span><\/p>\n<p><span style=\"color: #003366;\">La\u010dharrno thaj autori istorija\u0107e kotoresko si o Milovan Pisarri. Teksto katar e preporuke pale sikavne thaj katar e predlogujra pale \u0161tar bu\u0107arrne \u0107erda Nada Banjanin \u0110uri\u010di\u0107, d\u017eikaj si e autojra tekstonengo katar e \u010dhib thaj kultura Rromen\u0111i Sla\u0111ana Miladinovi\u0107 thaj Bo\u017eidar Nikoli\u0107. Sar ekspertoski konsultantkinja pe kaja publikacija si Marijana Stoj\u010di\u0107.<\/span><\/p>\n<p><span style=\"color: #003366;\">Realizacija kale publikacijako \u0161ajisarda o forumo ZFD, pa\u0161o a\u017eutipe Ma\u0161karthemutne alijansako palo go\u0111aripe po Holokausto (IHRA) thaj Ministerijumosko pale kultura thaj informi\u0161ipe Republikako Srbijako.<\/span><\/p>\n<\/div>\n<\/div><\/div><div id=\"panel-202-1-0-1\" class=\"so-panel widget widget_sow-editor panel-last-child\" data-index=\"3\" ><div class=\"so-widget-sow-editor so-widget-sow-editor-base\">\n<div class=\"siteorigin-widget-tinymce textwidget\">\n\t<hr \/>\n<p><span style=\"color: #003366;\">Web\u00a0izdanje<\/span><br \/> <span style=\"color: #003366;\">Beograd, 2018<\/span><br \/> <span style=\"color: #003366;\">ISBN 978-86-81246-01-6<\/span><\/p>\n<p><span style=\"color: #003366;\">Svi tekstovi odra\u017eavaju stavove autora, ne neophodno urednika i CIEH.<\/span><\/p>\n<p><span style=\"color: #003366;\">Ova publikacija podle\u017ee autorskim pravima i distribuirana je pod <\/span><span style=\"color: #003366;\">Creative Commons licencom:<\/span><\/p>\n<p><span style=\"color: #993300;\"><a style=\"color: #993300;\" href=\"https:\/\/creativecommons.org\/licenses\/by-nc-nd\/3.0\/\" target=\"_blank\" rel=\"noopener noreferrer\">Attribution-NonCommercial-NoDerivs 3.0 Unported (CC BY-NC-ND 3.0)<\/a><\/span><\/p>\n<p><span style=\"color: #003366;\">Za upotrebu van opsega ove licence, kontaktirajte:<\/span><\/p>\n<p><span style=\"color: #003366;\">Centar za istra\u017eivanje i edukaciju o Holokaustu<\/span><\/p>\n<p><span style=\"color: #993300;\"><a style=\"color: #993300;\" href=\"http:\/\/www.cieh-chre.org\" target=\"_blank\" rel=\"noopener noreferrer\">www.cieh-chre.org<\/a><\/span><\/p>\n<p><span style=\"color: #993300;\">cieh1chre@gmail.com<\/span><\/p>\n<p><span style=\"color: #003366;\">+38163247856<\/span><\/p>\n<\/div>\n<\/div><\/div><\/div><div id=\"pgc-202-1-1\"  class=\"panel-grid-cell\" ><div id=\"panel-202-1-1-0\" class=\"so-panel widget widget_sow-editor panel-first-child panel-last-child\" data-index=\"4\" ><div class=\"so-widget-sow-editor so-widget-sow-editor-base\"><h3 class=\"widget-title\">Impresum<\/h3>\n<div class=\"siteorigin-widget-tinymce textwidget\">\n\t<hr \/>\n<p><span style=\"color: #993300;\"><strong>D\u017eanes ko sem?<\/strong> <\/span><br \/>\n<span style=\"color: #993300;\"> (Da li zna\u0161 ko sam?)<\/span><\/p>\n<p><span style=\"color: #003366;\">Edukacijako materijalo katar <\/span><br \/>\n<span style=\"color: #003366;\">o genocido pe Rroma ando <\/span><br \/>\n<span style=\"color: #003366;\">Dujto lumnjako mudaripe thaj <\/span><br \/>\n<span style=\"color: #003366;\">adjesutno anticiganizmo ande Srbija<\/span><\/p>\n<p><span style=\"color: #993300;\">Vjastarno: <\/span><\/p>\n<p><span style=\"color: #003366;\">Ma\u0161kar palo rodipe thaj edukacija Holokaustoski<\/span><\/p>\n<p><span style=\"color: #993300;\">Palo vjastarno: <\/span><\/p>\n<p><span style=\"color: #003366;\">Nikola Radi\u0107<\/span><\/p>\n<p><span style=\"color: #993300;\">La\u010dharno: <\/span><\/p>\n<p><span style=\"color: #003366;\">Milovan Pisarri<\/span><\/p>\n<p><span style=\"color: #993300;\">Autojra: <\/span><\/p>\n<p><span style=\"color: #003366;\">Nada Banjanin \u0110uri\u010di\u0107, Sla\u0111ana Miladinovi\u0107, <\/span><br \/>\n<span style=\"color: #003366;\">Bo\u017eidar Nikoli\u0107, Milovan Pisarri<\/span><\/p>\n<p><span style=\"color: #993300;\">Koordinatojra: <\/span><\/p>\n<p><span style=\"color: #003366;\">Milica Cime\u0161a, Sr\u0111an Hercigonja<\/span><\/p>\n<p><span style=\"color: #993300;\">Ekspertosko konsultatori: <\/span><\/p>\n<p><span style=\"color: #003366;\">Marijana Stoj\u010di\u0107<\/span><\/p>\n<p><span style=\"color: #993300;\">Translacija pe rromani \u010dhib: <\/span><\/p>\n<p><span style=\"color: #003366;\">Maja Jovanovi\u0107, Rajko Jovanovi\u0107<\/span><\/p>\n<p><span style=\"color: #993300;\">Pha\u0111ipe thaj dizajno: <\/span><\/p>\n<p><span style=\"color: #003366;\">Nikola Radi\u0107<\/span><\/p>\n<\/div>\n<\/div><\/div><\/div><\/div><div id=\"pg-202-2\"  class=\"panel-grid panel-no-style\" ><div id=\"pgc-202-2-0\"  class=\"panel-grid-cell\" ><div id=\"panel-202-2-0-0\" class=\"so-panel widget widget_sow-editor panel-first-child panel-last-child\" data-index=\"5\" ><div class=\"so-widget-sow-editor so-widget-sow-editor-base\">\n<div class=\"siteorigin-widget-tinymce textwidget\">\n\t<p><span style=\"color: #003366;\">Partneri\u00a0na\u00a0projektu:<\/span><\/p>\n<hr \/>\n\t\t\t<style>\r\n                #foogallery-gallery-725.fg-justified .fg-item {\r\n                    margin-right: 1px;\r\n                    margin-bottom: 1px;\r\n                }\r\n\r\n                #foogallery-gallery-725.fg-justified .fg-image {\r\n                    height: 70px;\r\n                }\r\n\t\t\t<\/style>\r\n\t\t\t<div class=\"foogallery foogallery-container foogallery-justified foogallery-lightbox-none fg-justified fg-light fg-loaded-fade-in fg-hover-fade fg-ready\" id=\"foogallery-gallery-725\" data-foogallery=\"{&quot;item&quot;:{&quot;showCaptionTitle&quot;:true,&quot;showCaptionDescription&quot;:true},&quot;lazy&quot;:true,&quot;template&quot;:{&quot;rowHeight&quot;:70,&quot;maxRowHeight&quot;:140,&quot;margins&quot;:1,&quot;align&quot;:&quot;center&quot;,&quot;lastRow&quot;:&quot;smart&quot;}}\" >\r\n\t<div class=\"fg-item fg-type-image fg-idle\"><figure class=\"fg-item-inner\"><a href=\"http:\/\/www.cieh-chre.org\" target=\"_blank\" data-attachment-id=\"717\" class=\"fg-thumb\"><span class=\"fg-image-wrap\"><img height=\"140\" width=\"339.11111111111\" class=\"skip-lazy fg-image\" data-src-fg=\"https:\/\/cieh-chre.org\/porajmosusrbiji\/wp-content\/uploads\/sites\/6\/2018\/12\/CHRE-logo-e-e1544266420249.png\" src=\"data:image\/svg+xml,%3Csvg%20xmlns%3D%22http%3A%2F%2Fwww.w3.org%2F2000%2Fsvg%22%20width%3D%22339.11111111111%22%20height%3D%22140%22%20viewBox%3D%220%200%20339.11111111111%20140%22%3E%3C%2Fsvg%3E\"><\/span><span class=\"fg-image-overlay\"><\/span><\/a><figcaption class=\"fg-caption\"><div class=\"fg-caption-inner\"><\/div><\/figcaption><\/figure><div class=\"fg-loader\"><\/div><\/div><div class=\"fg-item fg-type-image fg-idle\"><figure class=\"fg-item-inner\"><a href=\"http:\/\/www.romanipen.org.rs\/\" target=\"_blank\" data-attachment-id=\"936\" class=\"fg-thumb\"><span class=\"fg-image-wrap\"><img height=\"140\" width=\"450\" class=\"skip-lazy fg-image\" data-src-fg=\"https:\/\/cieh-chre.org\/porajmosusrbiji\/wp-content\/uploads\/sites\/6\/2018\/12\/rromanipen-logo-copy-H70.png\" src=\"data:image\/svg+xml,%3Csvg%20xmlns%3D%22http%3A%2F%2Fwww.w3.org%2F2000%2Fsvg%22%20width%3D%22450%22%20height%3D%22140%22%20viewBox%3D%220%200%20450%20140%22%3E%3C%2Fsvg%3E\"><\/span><span class=\"fg-image-overlay\"><\/span><\/a><figcaption class=\"fg-caption\"><div class=\"fg-caption-inner\"><\/div><\/figcaption><\/figure><div class=\"fg-loader\"><\/div><\/div><div class=\"fg-item fg-type-image fg-idle\"><figure class=\"fg-item-inner\"><a href=\"https:\/\/www.geogis.org\/\" data-attachment-id=\"1135\" class=\"fg-thumb\"><span class=\"fg-image-wrap\"><img height=\"140\" width=\"140\" class=\"skip-lazy fg-image\" data-src-fg=\"https:\/\/cieh-chre.org\/porajmosusrbiji\/wp-content\/uploads\/sites\/6\/2021\/07\/logo-light-bg.jpg\" src=\"data:image\/svg+xml,%3Csvg%20xmlns%3D%22http%3A%2F%2Fwww.w3.org%2F2000%2Fsvg%22%20width%3D%22140%22%20height%3D%22140%22%20viewBox%3D%220%200%20140%20140%22%3E%3C%2Fsvg%3E\"><\/span><span class=\"fg-image-overlay\"><\/span><\/a><figcaption class=\"fg-caption\"><div class=\"fg-caption-inner\"><\/div><\/figcaption><\/figure><div class=\"fg-loader\"><\/div><\/div><div class=\"fg-item fg-type-image fg-idle\"><figure class=\"fg-item-inner\"><a href=\"https:\/\/www.teamcad.rs\/index.php\/srb\/\" data-attachment-id=\"1136\" class=\"fg-thumb\"><span class=\"fg-image-wrap\"><img height=\"140\" width=\"359.33333333333\" class=\"skip-lazy fg-image\" data-src-fg=\"https:\/\/cieh-chre.org\/porajmosusrbiji\/wp-content\/uploads\/sites\/6\/2021\/07\/LOGO_TeamCAD_logo.png\" src=\"data:image\/svg+xml,%3Csvg%20xmlns%3D%22http%3A%2F%2Fwww.w3.org%2F2000%2Fsvg%22%20width%3D%22359.33333333333%22%20height%3D%22140%22%20viewBox%3D%220%200%20359.33333333333%20140%22%3E%3C%2Fsvg%3E\"><\/span><span class=\"fg-image-overlay\"><\/span><\/a><figcaption class=\"fg-caption\"><div class=\"fg-caption-inner\"><\/div><\/figcaption><\/figure><div class=\"fg-loader\"><\/div><\/div><\/div>\r\n\n<\/div>\n<\/div><\/div><\/div><div id=\"pgc-202-2-1\"  class=\"panel-grid-cell\" ><div id=\"panel-202-2-1-0\" class=\"so-panel widget widget_sow-editor panel-first-child panel-last-child\" data-index=\"6\" ><div class=\"so-widget-sow-editor so-widget-sow-editor-base\">\n<div class=\"siteorigin-widget-tinymce textwidget\">\n\t<p><span style=\"color: #003366;\">Projekat su\u00a0podr\u017eali:<\/span><\/p>\n<hr \/>\n\t\t\t<style>\r\n                #foogallery-gallery-722.fg-justified .fg-item {\r\n                    margin-right: 1px;\r\n                    margin-bottom: 1px;\r\n                }\r\n\r\n                #foogallery-gallery-722.fg-justified .fg-image {\r\n                    height: 70px;\r\n                }\r\n\t\t\t<\/style>\r\n\t\t\t<div class=\"foogallery foogallery-container foogallery-justified foogallery-lightbox-none fg-justified fg-light fg-hover-scale fg-hover-instant fg-ready\" id=\"foogallery-gallery-722\" data-foogallery=\"{&quot;item&quot;:{&quot;showCaptionTitle&quot;:false,&quot;showCaptionDescription&quot;:false},&quot;lazy&quot;:true,&quot;template&quot;:{&quot;rowHeight&quot;:70,&quot;maxRowHeight&quot;:140,&quot;margins&quot;:1,&quot;align&quot;:&quot;center&quot;,&quot;lastRow&quot;:&quot;smart&quot;}}\" >\r\n\t<div class=\"fg-item fg-type-image fg-idle\"><figure class=\"fg-item-inner\"><a href=\"https:\/\/holocaustremembrance.com\/\" target=\"_blank\" data-attachment-id=\"721\" class=\"fg-thumb\"><span class=\"fg-image-wrap\"><img height=\"140\" width=\"144\" class=\"skip-lazy fg-image\" data-src-fg=\"https:\/\/cieh-chre.org\/porajmosusrbiji\/wp-content\/uploads\/sites\/6\/cache\/2018\/12\/IHRA-LOGO-e1544235284936\/3065705875.png\" src=\"data:image\/svg+xml,%3Csvg%20xmlns%3D%22http%3A%2F%2Fwww.w3.org%2F2000%2Fsvg%22%20width%3D%22144%22%20height%3D%22140%22%20viewBox%3D%220%200%20144%20140%22%3E%3C%2Fsvg%3E\"><\/span><span class=\"fg-image-overlay\"><\/span><\/a><figcaption class=\"fg-caption\"><div class=\"fg-caption-inner\"><\/div><\/figcaption><\/figure><div class=\"fg-loader\"><\/div><\/div><div class=\"fg-item fg-type-image fg-idle\"><figure class=\"fg-item-inner\"><a href=\"http:\/\/www.kultura.gov.rs\/\" target=\"_blank\" data-attachment-id=\"755\" class=\"fg-thumb\"><span class=\"fg-image-wrap\"><img height=\"140\" width=\"249.2\" class=\"skip-lazy fg-image\" data-src-fg=\"https:\/\/cieh-chre.org\/porajmosusrbiji\/wp-content\/uploads\/sites\/6\/2018\/12\/ministarstvo_kulture-i-informisanja.png\" src=\"data:image\/svg+xml,%3Csvg%20xmlns%3D%22http%3A%2F%2Fwww.w3.org%2F2000%2Fsvg%22%20width%3D%22249.2%22%20height%3D%22140%22%20viewBox%3D%220%200%20249.2%20140%22%3E%3C%2Fsvg%3E\"><\/span><span class=\"fg-image-overlay\"><\/span><\/a><figcaption class=\"fg-caption\"><div class=\"fg-caption-inner\"><\/div><\/figcaption><\/figure><div class=\"fg-loader\"><\/div><\/div><div class=\"fg-item fg-type-image fg-idle\"><figure class=\"fg-item-inner\"><a href=\"https:\/\/www.forumzfd.de\/en\/western-balkans\" target=\"_blank\" data-attachment-id=\"933\" class=\"fg-thumb\"><span class=\"fg-image-wrap\"><img height=\"140\" width=\"106\" class=\"skip-lazy fg-image\" data-src-fg=\"https:\/\/cieh-chre.org\/porajmosusrbiji\/wp-content\/uploads\/sites\/6\/2018\/12\/forumZFD-blue-H70.png\" src=\"data:image\/svg+xml,%3Csvg%20xmlns%3D%22http%3A%2F%2Fwww.w3.org%2F2000%2Fsvg%22%20width%3D%22106%22%20height%3D%22140%22%20viewBox%3D%220%200%20106%20140%22%3E%3C%2Fsvg%3E\"><\/span><span class=\"fg-image-overlay\"><\/span><\/a><figcaption class=\"fg-caption\"><div class=\"fg-caption-inner\"><\/div><\/figcaption><\/figure><div class=\"fg-loader\"><\/div><\/div><\/div>\r\n\n<\/div>\n<\/div><\/div><\/div><\/div><div id=\"pg-202-3\"  class=\"panel-grid panel-no-style\" ><div id=\"pgc-202-3-0\"  class=\"panel-grid-cell\" ><div id=\"panel-202-3-0-0\" class=\"so-panel widget widget_sow-editor panel-first-child\" data-index=\"7\" ><div class=\"so-widget-sow-editor so-widget-sow-editor-base\">\n<div class=\"siteorigin-widget-tinymce textwidget\">\n\t<hr \/>\n<p style=\"text-align: center;\"><span style=\"color: #003366;\">Kontakt: Centar za istra\u017eivanje i edukaciju\u00a0o Holokaustu - CIEH, <\/span><span style=\"color: #003366;\">tel: <span style=\"color: #993300;\">+38163247856<\/span>, e-mail: <span style=\"color: #993300;\"><a style=\"color: #993300;\" href=\"mailto:\/\/cieh1chre@gmail.com\" target=\"_blank\" rel=\"noopener noreferrer\">cieh1chre@gmail.com<\/a><\/span> web: <span style=\"color: #993300;\"><a style=\"color: #993300;\" href=\"www.cieh-chre.org\" target=\"_blank\" rel=\"noopener noreferrer\">www.cieh-chre.org<\/a><\/span><\/span><\/p>\n<hr \/>\n<\/div>\n<\/div><\/div><div id=\"panel-202-3-0-1\" class=\"so-panel widget widget_sow-editor panel-last-child\" data-index=\"8\" ><div class=\"so-widget-sow-editor so-widget-sow-editor-base\">\n<div class=\"siteorigin-widget-tinymce textwidget\">\n\t<p style=\"text-align: center;\"><span style=\"font-size: 8pt; color: #003366;\">* Svi delovi ovog web-sajta i projekta predstavljaju autorsko delo i intelektualnu svojinu autora, partnerskih organizacija i kompanija \u010diji se programi i licence koriste na sajtu, i kao takvi u\u017eivaju zakonsku za\u0161titu te ih niko tre\u0107i ne mo\u017ee koristiti u bilo kojoj formi ili obliku bez izri\u010dite saglasnosti autora. (To se posebno odnosi na koncepte, metode i elemente strukture web sajta, baze podataka, mape, izlo\u017ebi, tekstova i vizuelnih materijala ali ne isklju\u010duje i sve ostale derivate i autorska prava koji iz njih proisti\u010du.) Upotreba publikacije je regulisana Creative Commons licencom navedenom na publikaciji, \u010diji je preuzimanje dozvoljeno.<\/span><\/p>\n<hr \/>\n<p style=\"text-align: center;\">\u00a0<\/p>\n<\/div>\n<\/div><\/div><\/div><\/div><\/div>","protected":false},"excerpt":{"rendered":"<p>Je edukaciona\u00a0publikacija za upotrebu u nastavi\u00a0koja\u00a0nudi\u00a0osnovne informacije\u00a0o\u00a0kulturi, jeziku i istoriji Roma, a sa fokusom na istoriju stradanja Roma u Drugom svetskom ratu, genocidu (Porajmos, Samudaripen) i pravima Roma u savremenoj [&hellip;]<\/p>\n","protected":false},"author":2,"featured_media":0,"parent":0,"menu_order":0,"comment_status":"closed","ping_status":"closed","template":"page-fullwidth.php","meta":[],"acf":[],"wps_subtitle":"","_links":{"self":[{"href":"https:\/\/cieh-chre.org\/porajmosusrbiji\/wp-json\/wp\/v2\/pages\/202"}],"collection":[{"href":"https:\/\/cieh-chre.org\/porajmosusrbiji\/wp-json\/wp\/v2\/pages"}],"about":[{"href":"https:\/\/cieh-chre.org\/porajmosusrbiji\/wp-json\/wp\/v2\/types\/page"}],"author":[{"embeddable":true,"href":"https:\/\/cieh-chre.org\/porajmosusrbiji\/wp-json\/wp\/v2\/users\/2"}],"replies":[{"embeddable":true,"href":"https:\/\/cieh-chre.org\/porajmosusrbiji\/wp-json\/wp\/v2\/comments?post=202"}],"version-history":[{"count":47,"href":"https:\/\/cieh-chre.org\/porajmosusrbiji\/wp-json\/wp\/v2\/pages\/202\/revisions"}],"predecessor-version":[{"id":1152,"href":"https:\/\/cieh-chre.org\/porajmosusrbiji\/wp-json\/wp\/v2\/pages\/202\/revisions\/1152"}],"wp:attachment":[{"href":"https:\/\/cieh-chre.org\/porajmosusrbiji\/wp-json\/wp\/v2\/media?parent=202"}],"curies":[{"name":"wp","href":"https:\/\/api.w.org\/{rel}","templated":true}]}}